{"id":172,"date":"2024-01-15T14:57:28","date_gmt":"2024-01-15T19:57:28","guid":{"rendered":"https:\/\/www.vocationministry.com\/par\/parish\/phase-i\/prayer\/general-intercessions\/"},"modified":"2025-11-06T09:51:45","modified_gmt":"2025-11-06T15:51:45","slug":"general-intercessions","status":"publish","type":"parish-resource","link":"https:\/\/www.vocationministry.com\/es\/parish-resource\/parish\/phase-i\/prayer\/general-intercessions\/","title":{"rendered":"Intercesiones generales"},"content":{"rendered":"<p>Orar por las vocaciones durante las intercesiones generales de la misa es una de las maneras m\u00e1s poderosas de mantener el llamado al sacerdocio, la vida consagrada y el matrimonio sacramental como tema central en la vida parroquial. Estas oraciones sirven como recordatorio semanal de que fomentar las vocaciones es una responsabilidad que todos compartimos.&nbsp;<\/p>\n\n\n\n<p>Cuando los feligreses escuchan estas peticiones regularmente, ayuda a normalizar la idea de discernir una vocaci\u00f3n y muestra a quienes ya est\u00e1n discerniendo que su comunidad est\u00e1 orando con ellos y por ellos.&nbsp;<\/p>\n\n\n\n<div class=\"wp-block-columns is-layout-flex wp-container-core-columns-is-layout-9d6595d7 wp-block-columns-is-layout-flex\">\n<div class=\"wp-block-column is-layout-flow wp-block-column-is-layout-flow\">\n<p class=\"has-text-align-center\"><strong>Ingl\u00e9s<\/strong><\/p>\n\n\n\n<div class=\"wp-block-buttons is-content-justification-center is-layout-flex wp-container-core-buttons-is-layout-16018d1d wp-block-buttons-is-layout-flex\">\n<div class=\"wp-block-button\"><a class=\"wp-block-button__link wp-element-button\" href=\"https:\/\/www.vocationministry.com\/wp-content\/uploads\/2024\/11\/2024-25-Vocation-General-Intercessions.docx.pdf\" target=\"_blank\" rel=\"noreferrer noopener\">Intercesiones generales del ciclo C 2024-2025 (PDF)<\/a><\/div>\n\n\n\n<div class=\"wp-block-button\"><a class=\"wp-block-button__link wp-element-button\" href=\"https:\/\/www.vocationministry.com\/wp-content\/uploads\/2025\/11\/2025-26-Vocation-General-Intercessions-1.docx\">CICLO A 2025-2026 INTERCESIONES GENERALES<\/a><\/div>\n<\/div>\n<\/div>\n\n\n\n<div class=\"wp-block-column is-layout-flow wp-block-column-is-layout-flow\">\n<p class=\"has-text-align-center\"><strong>Espa\u00f1ol<\/strong><\/p>\n\n\n\n<div class=\"wp-block-buttons is-content-justification-center is-layout-flex wp-container-core-buttons-is-layout-16018d1d wp-block-buttons-is-layout-flex\">\n<div class=\"wp-block-button\"><a class=\"wp-block-button__link wp-element-button\" href=\"https:\/\/www.vocationministry.com\/wp-content\/uploads\/2024\/11\/2024-25-Vocation-General-Intercessions-Spanish.docx.pdf\" target=\"_blank\" rel=\"noreferrer noopener\">Intercesiones generales del ciclo C 2024-2025 (PDF)<\/a><\/div>\n\n\n\n<div class=\"wp-block-button\"><a class=\"wp-block-button__link wp-element-button\" href=\"https:\/\/www.vocationministry.com\/wp-content\/uploads\/2025\/11\/2025-26-Vocation-General-Intercessions-Spanish.docx\">CICLO A 2025-2026 INTERCESIONES GENERALES<\/a><\/div>\n<\/div>\n<\/div>\n<\/div>\n\n\n\n<h4 class=\"wp-block-heading\" id=\"h-notes\">Notas:<\/h4>\n\n\n\n<p>Las intercesiones generales deben enviarse al Coordinador de Liturgia de su parroquia.<\/p>","protected":false},"author":2,"featured_media":0,"parent":156,"menu_order":2,"template":"","class_list":["post-172","parish-resource","type-parish-resource","status-publish","hentry"],"acf":[],"yoast_head":"<!-- This site is optimized with the Yoast SEO Premium plugin v24.9 (Yoast SEO v27.5) - https:\/\/yoast.com\/product\/yoast-seo-premium-wordpress\/ -->\n<title>General Intercessions - Vocation Ministry<\/title>\n<meta name=\"robots\" content=\"index, follow, max-snippet:-1, max-image-preview:large, max-video-preview:-1\" \/>\n<link rel=\"canonical\" href=\"https:\/\/www.vocationministry.com\/es\/parish-resource\/parish\/phase-i\/prayer\/general-intercessions\/\" \/>\n<meta property=\"og:locale\" content=\"es_MX\" \/>\n<meta property=\"og:type\" content=\"article\" \/>\n<meta property=\"og:title\" content=\"General Intercessions\" \/>\n<meta property=\"og:description\" content=\"Praying for vocations during the general intercessions at Mass is one of the most powerful ways to keep the call to priesthood, consecrated life, and sacramental marriage front and center in parish life. These prayers serve as a weekly reminder that fostering vocations is a responsibility we all share.&nbsp; When parishioners hear these petitions regularly, [&hellip;]\" \/>\n<meta property=\"og:url\" content=\"https:\/\/www.vocationministry.com\/es\/parish-resource\/parish\/phase-i\/prayer\/general-intercessions\/\" \/>\n<meta property=\"og:site_name\" content=\"Vocation Ministry\" \/>\n<meta property=\"article:publisher\" content=\"https:\/\/www.facebook.com\/VocationMinistry\" \/>\n<meta property=\"article:modified_time\" content=\"2025-11-06T15:51:45+00:00\" \/>\n<meta property=\"og:image\" content=\"https:\/\/www.vocationministry.com\/wp-content\/uploads\/2024\/07\/Blue-VM-Logo-white-Background.png\" \/>\n\t<meta property=\"og:image:width\" content=\"2000\" \/>\n\t<meta property=\"og:image:height\" content=\"1000\" \/>\n\t<meta property=\"og:image:type\" content=\"image\/png\" \/>\n<meta name=\"twitter:card\" content=\"summary_large_image\" \/>\n<meta name=\"twitter:label1\" content=\"Tiempo de lectura\" \/>\n\t<meta name=\"twitter:data1\" content=\"1 minuto\" \/>\n<script type=\"application\/ld+json\" class=\"yoast-schema-graph\">{\"@context\":\"https:\\\/\\\/schema.org\",\"@graph\":[{\"@type\":\"WebPage\",\"@id\":\"https:\\\/\\\/www.vocationministry.com\\\/parish-resource\\\/parish\\\/phase-i\\\/prayer\\\/general-intercessions\\\/\",\"url\":\"https:\\\/\\\/www.vocationministry.com\\\/parish-resource\\\/parish\\\/phase-i\\\/prayer\\\/general-intercessions\\\/\",\"name\":\"General Intercessions - Vocation Ministry\",\"isPartOf\":{\"@id\":\"https:\\\/\\\/www.vocationministry.com\\\/es\\\/#website\"},\"datePublished\":\"2024-01-15T19:57:28+00:00\",\"dateModified\":\"2025-11-06T15:51:45+00:00\",\"breadcrumb\":{\"@id\":\"https:\\\/\\\/www.vocationministry.com\\\/parish-resource\\\/parish\\\/phase-i\\\/prayer\\\/general-intercessions\\\/#breadcrumb\"},\"inLanguage\":\"es\",\"potentialAction\":[{\"@type\":\"ReadAction\",\"target\":[\"https:\\\/\\\/www.vocationministry.com\\\/parish-resource\\\/parish\\\/phase-i\\\/prayer\\\/general-intercessions\\\/\"]}]},{\"@type\":\"BreadcrumbList\",\"@id\":\"https:\\\/\\\/www.vocationministry.com\\\/parish-resource\\\/parish\\\/phase-i\\\/prayer\\\/general-intercessions\\\/#breadcrumb\",\"itemListElement\":[{\"@type\":\"ListItem\",\"position\":1,\"name\":\"Home\",\"item\":\"https:\\\/\\\/www.vocationministry.com\\\/\"},{\"@type\":\"ListItem\",\"position\":2,\"name\":\"Parish\",\"item\":\"https:\\\/\\\/www.vocationministry.com\\\/parish-resource\\\/parish\\\/\"},{\"@type\":\"ListItem\",\"position\":3,\"name\":\"Phase I\",\"item\":\"https:\\\/\\\/www.vocationministry.com\\\/parish-resource\\\/parish\\\/phase-i\\\/\"},{\"@type\":\"ListItem\",\"position\":4,\"name\":\"Prayer\",\"item\":\"https:\\\/\\\/www.vocationministry.com\\\/parish-resource\\\/parish\\\/phase-i\\\/prayer\\\/\"},{\"@type\":\"ListItem\",\"position\":5,\"name\":\"General Intercessions\"}]},{\"@type\":\"WebSite\",\"@id\":\"https:\\\/\\\/www.vocationministry.com\\\/es\\\/#website\",\"url\":\"https:\\\/\\\/www.vocationministry.com\\\/es\\\/\",\"name\":\"Vocation Ministry\",\"description\":\"Creating A Culture of Vocations\",\"publisher\":{\"@id\":\"https:\\\/\\\/www.vocationministry.com\\\/es\\\/#organization\"},\"potentialAction\":[{\"@type\":\"SearchAction\",\"target\":{\"@type\":\"EntryPoint\",\"urlTemplate\":\"https:\\\/\\\/www.vocationministry.com\\\/es\\\/?s={search_term_string}\"},\"query-input\":{\"@type\":\"PropertyValueSpecification\",\"valueRequired\":true,\"valueName\":\"search_term_string\"}}],\"inLanguage\":\"es\"},{\"@type\":\"Organization\",\"@id\":\"https:\\\/\\\/www.vocationministry.com\\\/es\\\/#organization\",\"name\":\"Vocation Ministry\",\"url\":\"https:\\\/\\\/www.vocationministry.com\\\/es\\\/\",\"logo\":{\"@type\":\"ImageObject\",\"inLanguage\":\"es\",\"@id\":\"https:\\\/\\\/www.vocationministry.com\\\/es\\\/#\\\/schema\\\/logo\\\/image\\\/\",\"url\":\"https:\\\/\\\/www.vocationministry.com\\\/wp-content\\\/uploads\\\/2024\\\/02\\\/Blue-VM-Logo-white-Background.png\",\"contentUrl\":\"https:\\\/\\\/www.vocationministry.com\\\/wp-content\\\/uploads\\\/2024\\\/02\\\/Blue-VM-Logo-white-Background.png\",\"width\":2000,\"height\":1000,\"caption\":\"Vocation Ministry\"},\"image\":{\"@id\":\"https:\\\/\\\/www.vocationministry.com\\\/es\\\/#\\\/schema\\\/logo\\\/image\\\/\"},\"sameAs\":[\"https:\\\/\\\/www.facebook.com\\\/VocationMinistry\"]}]}<\/script>\n<!-- \/ Yoast SEO Premium plugin. -->","yoast_head_json":{"title":"Intercesiones Generales - Vocation Ministry","robots":{"index":"index","follow":"follow","max-snippet":"max-snippet:-1","max-image-preview":"max-image-preview:large","max-video-preview":"max-video-preview:-1"},"canonical":"https:\/\/www.vocationministry.com\/es\/parish-resource\/parish\/phase-i\/prayer\/general-intercessions\/","og_locale":"es_MX","og_type":"article","og_title":"General Intercessions","og_description":"Praying for vocations during the general intercessions at Mass is one of the most powerful ways to keep the call to priesthood, consecrated life, and sacramental marriage front and center in parish life. These prayers serve as a weekly reminder that fostering vocations is a responsibility we all share.&nbsp; When parishioners hear these petitions regularly, [&hellip;]","og_url":"https:\/\/www.vocationministry.com\/es\/parish-resource\/parish\/phase-i\/prayer\/general-intercessions\/","og_site_name":"Vocation Ministry","article_publisher":"https:\/\/www.facebook.com\/VocationMinistry","article_modified_time":"2025-11-06T15:51:45+00:00","og_image":[{"width":2000,"height":1000,"url":"https:\/\/www.vocationministry.com\/wp-content\/uploads\/2024\/07\/Blue-VM-Logo-white-Background.png","type":"image\/png"}],"twitter_card":"summary_large_image","twitter_misc":{"Tiempo de lectura":"1 minuto"},"schema":{"@context":"https:\/\/schema.org","@graph":[{"@type":"WebPage","@id":"https:\/\/www.vocationministry.com\/parish-resource\/parish\/phase-i\/prayer\/general-intercessions\/","url":"https:\/\/www.vocationministry.com\/parish-resource\/parish\/phase-i\/prayer\/general-intercessions\/","name":"Intercesiones Generales - Vocation Ministry","isPartOf":{"@id":"https:\/\/www.vocationministry.com\/es\/#website"},"datePublished":"2024-01-15T19:57:28+00:00","dateModified":"2025-11-06T15:51:45+00:00","breadcrumb":{"@id":"https:\/\/www.vocationministry.com\/parish-resource\/parish\/phase-i\/prayer\/general-intercessions\/#breadcrumb"},"inLanguage":"es","potentialAction":[{"@type":"ReadAction","target":["https:\/\/www.vocationministry.com\/parish-resource\/parish\/phase-i\/prayer\/general-intercessions\/"]}]},{"@type":"BreadcrumbList","@id":"https:\/\/www.vocationministry.com\/parish-resource\/parish\/phase-i\/prayer\/general-intercessions\/#breadcrumb","itemListElement":[{"@type":"ListItem","position":1,"name":"Home","item":"https:\/\/www.vocationministry.com\/"},{"@type":"ListItem","position":2,"name":"Parish","item":"https:\/\/www.vocationministry.com\/parish-resource\/parish\/"},{"@type":"ListItem","position":3,"name":"Phase I","item":"https:\/\/www.vocationministry.com\/parish-resource\/parish\/phase-i\/"},{"@type":"ListItem","position":4,"name":"Prayer","item":"https:\/\/www.vocationministry.com\/parish-resource\/parish\/phase-i\/prayer\/"},{"@type":"ListItem","position":5,"name":"General Intercessions"}]},{"@type":"WebSite","@id":"https:\/\/www.vocationministry.com\/es\/#website","url":"https:\/\/www.vocationministry.com\/es\/","name":"Vocation Ministry","description":"Creando una cultura de vocaciones","publisher":{"@id":"https:\/\/www.vocationministry.com\/es\/#organization"},"potentialAction":[{"@type":"SearchAction","target":{"@type":"EntryPoint","urlTemplate":"https:\/\/www.vocationministry.com\/es\/?s={search_term_string}"},"query-input":{"@type":"PropertyValueSpecification","valueRequired":true,"valueName":"search_term_string"}}],"inLanguage":"es"},{"@type":"Organization","@id":"https:\/\/www.vocationministry.com\/es\/#organization","name":"Vocation Ministry","url":"https:\/\/www.vocationministry.com\/es\/","logo":{"@type":"ImageObject","inLanguage":"es","@id":"https:\/\/www.vocationministry.com\/es\/#\/schema\/logo\/image\/","url":"https:\/\/www.vocationministry.com\/wp-content\/uploads\/2024\/02\/Blue-VM-Logo-white-Background.png","contentUrl":"https:\/\/www.vocationministry.com\/wp-content\/uploads\/2024\/02\/Blue-VM-Logo-white-Background.png","width":2000,"height":1000,"caption":"Vocation Ministry"},"image":{"@id":"https:\/\/www.vocationministry.com\/es\/#\/schema\/logo\/image\/"},"sameAs":["https:\/\/www.facebook.com\/VocationMinistry"]}]}},"featured_img":false,"coauthors":[],"author_meta":{"author_link":"https:\/\/www.vocationministry.com\/es\/author\/marketing\/","display_name":"McKinsey Ogle"},"relative_dates":{"created":"Publicado 2 a\u00f1os hace","modified":"Actualizado 6 meses hace"},"absolute_dates":{"created":"Publicado el enero 15, 2024","modified":"Actualizado el noviembre 6, 2025"},"absolute_dates_time":{"created":"Publicado el enero 15, 2024 2:57 pm","modified":"Actualizado el noviembre 6, 2025 9:51 am"},"featured_img_caption":"","tax_additional":[],"series_order":"","_links":{"self":[{"href":"https:\/\/www.vocationministry.com\/es\/wp-json\/wp\/v2\/parish-resource\/172","targetHints":{"allow":["GET"]}}],"collection":[{"href":"https:\/\/www.vocationministry.com\/es\/wp-json\/wp\/v2\/parish-resource"}],"about":[{"href":"https:\/\/www.vocationministry.com\/es\/wp-json\/wp\/v2\/types\/parish-resource"}],"version-history":[{"count":5,"href":"https:\/\/www.vocationministry.com\/es\/wp-json\/wp\/v2\/parish-resource\/172\/revisions"}],"predecessor-version":[{"id":11119,"href":"https:\/\/www.vocationministry.com\/es\/wp-json\/wp\/v2\/parish-resource\/172\/revisions\/11119"}],"up":[{"embeddable":true,"href":"https:\/\/www.vocationministry.com\/es\/wp-json\/wp\/v2\/parish-resource\/156"}],"wp:attachment":[{"href":"https:\/\/www.vocationministry.com\/es\/wp-json\/wp\/v2\/media?parent=172"}],"curies":[{"name":"Gracias","href":"https:\/\/api.w.org\/{rel}","templated":true}]}}

<p>Orar por las vocaciones durante las intercesiones generales de la misa es una de las maneras más poderosas de mantener el llamado al sacerdocio, la vida consagrada y el matrimonio sacramental como tema central en la vida parroquial. Estas oraciones sirven como recordatorio semanal de que fomentar las vocaciones es una responsabilidad que todos compartimos.&nbsp;</p>



<p>Cuando los feligreses escuchan estas peticiones regularmente, ayuda a normalizar la idea de discernir una vocación y muestra a quienes ya están discerniendo que su comunidad está orando con ellos y por ellos.&nbsp;</p>



<div class="wp-block-columns is-layout-flex wp-container-core-columns-is-layout-9d6595d7 wp-block-columns-is-layout-flex">
<div class="wp-block-column is-layout-flow wp-block-column-is-layout-flow">
<p class="has-text-align-center"><strong>Inglés</strong></p>



<div class="wp-block-buttons is-content-justification-center is-layout-flex wp-container-core-buttons-is-layout-16018d1d wp-block-buttons-is-layout-flex">
<div class="wp-block-button"><a class="wp-block-button__link wp-element-button" href="https://www.vocationministry.com/wp-content/uploads/2024/11/2024-25-Vocation-General-Intercessions.docx.pdf" target="_blank" rel="noreferrer noopener">Intercesiones generales del ciclo C 2024-2025 (PDF)</a></div>



<div class="wp-block-button"><a class="wp-block-button__link wp-element-button" href="https://www.vocationministry.com/wp-content/uploads/2025/11/2025-26-Vocation-General-Intercessions-1.docx">CICLO A 2025-2026 INTERCESIONES GENERALES</a></div>
</div>
</div>



<div class="wp-block-column is-layout-flow wp-block-column-is-layout-flow">
<p class="has-text-align-center"><strong>Español</strong></p>



<div class="wp-block-buttons is-content-justification-center is-layout-flex wp-container-core-buttons-is-layout-16018d1d wp-block-buttons-is-layout-flex">
<div class="wp-block-button"><a class="wp-block-button__link wp-element-button" href="https://www.vocationministry.com/wp-content/uploads/2024/11/2024-25-Vocation-General-Intercessions-Spanish.docx.pdf" target="_blank" rel="noreferrer noopener">Intercesiones generales del ciclo C 2024-2025 (PDF)</a></div>



<div class="wp-block-button"><a class="wp-block-button__link wp-element-button" href="https://www.vocationministry.com/wp-content/uploads/2025/11/2025-26-Vocation-General-Intercessions-Spanish.docx">CICLO A 2025-2026 INTERCESIONES GENERALES</a></div>
</div>
</div>
</div>



<h4 class="wp-block-heading" id="h-notes">Notas:</h4>



<p>Las intercesiones generales deben enviarse al Coordinador de Liturgia de su parroquia.</p>

Publicado 2 años hace
